836.
172
Calculate the highest common divisor of 288650 and 450.
50
What is the greatest common factor of 827998 and 202?
202
Calculate the highest common factor of 36378 and 1806.
258
Calculate the greatest common divisor of 4406798 and 22.
22
What is the greatest common factor of 166105 and 25715?
695
Calculate the greatest common divisor of 1782 and 13992.
66
What is the greatest common divisor of 23295 and 10?
5
Calculate the highest common factor of 641204 and 434.
62
Calculate the highest common factor of 705 and 10434.
141
Calculate the highest common divisor of 101099 and 1292.
323
Calculate the highest common factor of 1716 and 1056.
132
Calculate the highest common divisor of 3146 and 111562.
242
What is the highest common divisor of 55150 and 70?
10
What is the highest common factor of 27037 and 380?
19
Calculate the greatest common factor of 422 and 44943.
211
Calculate the highest common divisor of 1226 and 258073.
613
What is the greatest common divisor of 528341 and 1075?
43
Calculate the highest common factor of 2448 and 2256.
48
Calculate the highest common factor of 5952 and 11811.
93
What is the greatest common divisor of 27840 and 832?
64
What is the highest common factor of 266 and 8638?
14
Calculate the highest common divisor of 57 and 1193067.
57
Calculate the greatest common factor of 56 and 50548.
4
What is the greatest common factor of 10 and 29656?
2
Calculate the highest common divisor of 185 and 3265.
5
What is the highest common factor of 39 and 10338?
3
What is the highest common factor of 1649051 and 17?
17
Calculate the greatest common divisor of 123 and 16977.
3
What is the greatest common divisor of 12444 and 23868?
204
Calculate the greatest common divisor of 6974275 and 275.
275
What is the highest common divisor of 29750 and 250?
250
What is the greatest common factor of 554 and 86701?
277
What is the greatest common divisor of 2849247 and 9?
9
What is the highest common divisor of 3 and 106504?
1
Calculate the greatest common divisor of 39 and 6667167.
39
What is the greatest common divisor of 514030 and 55?
55
Calculate the greatest common divisor of 126065 and 1235.
95
Calculate the highest common factor of 51756 and 228.
228
What is the greatest common factor of 3897 and 171?
9
Calculate the greatest common divisor of 204 and 235212.
204
Calculate the greatest common factor of 1706547 and 159.
159
What is the greatest common factor of 25 and 7899850?
25
Calculate the greatest common factor of 3186 and 22656.
354
Calculate the highest common divisor of 96 and 44832.
96
What is the greatest common factor of 651 and 526287?
93
Calculate the greatest common factor of 5825 and 29591.
233
Calculate the greatest common factor of 5300 and 350.
50
Calculate the highest common divisor of 4185 and 62.
31
Calculate the highest common factor of 68 and 4046.
34
Calculate the greatest common divisor of 2098978 and 313.
313
Calculate the greatest common factor of 328356 and 6.
6
What is the greatest common factor of 67 and 1671717?
67
Calculate the greatest common factor of 33087 and 254205.
807
What is the highest common divisor of 74627 and 120317?
1523
Calculate the greatest common divisor of 6177 and 532074.
213
Calculate the greatest common factor of 1545 and 294580.
515
What is the highest common divisor of 11757 and 129?
3
What is the highest common factor of 66187 and 121?
121
What is the greatest common factor of 2592 and 608?
32
Calculate the highest common divisor of 8391 and 720.
3
Calculate the greatest common factor of 14152 and 1624.
232
What is the highest common divisor of 1829 and 992?
31
Calculate the greatest common divisor of 31465 and 465.
155
What is the highest common factor of 261535 and 475?
95
Calculate the highest common divisor of 2072 and 1120.
56
What is the greatest common factor of 62488 and 2628?
292
Calculate the greatest common factor of 345980 and 20.
20
Calculate the greatest common divisor of 58 and 4177102.
58
Calculate the greatest common factor of 2012 and 196.
4
What is the highest common factor of 8477 and 3460?
173
Calculate the highest common factor of 1059 and 237.
3
What is the greatest common divisor of 6468 and 133476?
588
What is the highest common divisor of 10 and 63670?
10
What is the greatest common divisor of 36859 and 341?
31
What is the highest common factor of 241464 and 360?
24
What is the greatest common factor of 1092 and 97916?
364
What is the highest common divisor of 3910 and 470?
10
What is the highest common factor of 792 and 2836152?
792
Calculate the greatest common divisor of 204 and 5120536.
68
What is the greatest common factor of 19625 and 157?
157
What is the highest common divisor of 8 and 78488?
8
Calculate the greatest common factor of 1 and 37309.
1
Calculate the highest common factor of 1380 and 1354884.
276
Calculate the highest common divisor of 285 and 1280505.
285
What is the greatest common factor of 8610 and 60?
30
What is the greatest common factor of 2346 and 1632?
102
Calculate the highest common factor of 1705 and 10505.
55
What is the highest common factor of 133068 and 780?
156
Calculate the highest common divisor of 5603 and 3879.
431
Calculate the greatest common factor of 6390 and 54528.
426
Calculate the greatest common factor of 612 and 167841.
153
What is the highest common divisor of 1383920 and 80?
80
Calculate the greatest common divisor of 1816 and 198.
2
What is the greatest common factor of 33695 and 575?
115
Calculate the greatest common factor of 7018 and 40414.
242
What is the greatest common divisor of 588 and 607110?
294
Calculate the greatest common factor of 30965 and 8580.
55
What is the highest common factor of 530228 and 4260?
284
What is the highest common divisor of 453831 and 21?
21
Calculate the greatest common factor of 1120 and 158354.
14
Calculate the greatest common factor of 762 and 4588383.
381
Calculate the highest common factor of 6651 and 207.
9
Calculate the greatest common divisor of 849652 and 2049.
683
Calculate the highest common factor of 14 and 117866.
14
What is the highest common factor of 1200909 and 558?
93
Calculate the greatest common factor of 90486 and 88.
22
Calculate the highest common divisor of 3257 and 3.
1
What is the highest common divisor of 345160 and 10?
10
Calculate the highest common divisor of 382752 and 648.
216
Calculate the greatest common divisor of 39654 and 1566.
18
Calculate the highest common factor of 63840 and 1260.
420
Calculate the greatest common divisor of 108 and 54891.
27
What is the highest common divisor of 75 and 3691935?
15
What is the greatest common factor of 1512 and 9156?
84
What is the highest common divisor of 3388 and 2828?
28
Calculate the highest common divisor of 11414 and 39.
13
What is the greatest common factor of 1829657 and 417?
139
Calculate the greatest common factor of 22524 and 36.
12
What is the greatest common divisor of 2235 and 1103345?
745
What is the greatest common factor of 1 and 7804?
1
Calculate the highest common factor of 654291 and 891.
297
Calculate the greatest common factor of 3815 and 737930.
545
What is the highest common factor of 78 and 1828008?
78
What is the greatest common factor of 154800 and 360?
360
Calculate the greatest common factor of 30861768 and 1304.
1304
What is the greatest common divisor of 459 and 16473?
51
Calculate the highest common factor of 42048 and 88.
8
Calculate the highest common divisor of 225 and 717000.
75
Calculate the highest common factor of 736302 and 746.
746
What is the greatest common divisor of 362769 and 33?
33
What is the greatest common divisor of 100 and 19675?
25
Calculate the greatest common factor of 115267 and 146.
73
Calculate the highest common divisor of 54 and 744156.
18
Calculate the greatest common factor of 439395 and 3.
3
Calculate the greatest common factor of 344 and 13592.
8
Calculate the highest common factor of 2344 and 2189882.
586
What is the highest common factor of 195305 and 67?
67
What is the greatest common divisor of 4094 and 20148?
46
What is the highest common factor of 34427 and 6169?
199
What is the highest common factor of 31 and 11742924?
31
Calculate the greatest common factor of 11880 and 1265.
55
What is the highest common factor